is divided by 1071.
643
What is the remainder when 31814302 is divided by 4168?
4126
What is the remainder when 2598037 is divided by 309?
274
Calculate the remainder when 139409 is divided by 3961.
774
What is the remainder when 787838 is divided by 82?
64
What is the remainder when 136534 is divided by 136482?
52
What is the remainder when 455628 is divided by 2490?
2448
What is the remainder when 6986 is divided by 188?
30
What is the remainder when 5237845 is divided by 1022?
95
Calculate the remainder when 2187782 is divided by 115146.
8
What is the remainder when 36822160 is divided by 21?
4
What is the remainder when 3454147 is divided by 24154?
125
What is the remainder when 484532 is divided by 120909?
896
What is the remainder when 1064524 is divided by 29569?
40
What is the remainder when 3821226 is divided by 6224?
5914
What is the remainder when 23674151 is divided by 133?
18
Calculate the remainder when 34661 is divided by 17280.
101
What is the remainder when 648422 is divided by 2140?
2
What is the remainder when 113492 is divided by 2545?
1512
What is the remainder when 1203885 is divided by 108?
9
Calculate the remainder when 5401032 is divided by 1800267.
231
What is the remainder when 254522 is divided by 25324?
1282
Calculate the remainder when 14645070 is divided by 2353.
2351
Calculate the remainder when 154871 is divided by 5590.
3941
What is the remainder when 1889098 is divided by 629650?
148
Calculate the remainder when 11532020 is divided by 11625.
20
Calculate the remainder when 1342787 is divided by 61.
55
Calculate the remainder when 21675969 is divided by 28.
21
Calculate the remainder when 304188414 is divided by 117.
114
What is the remainder when 357168 is divided by 357161?
7
Calculate the remainder when 1983778 is divided by 233.
16
Calculate the remainder when 940288 is divided by 305.
278
What is the remainder when 148410 is divided by 7538?
5188
What is the remainder when 13949 is divided by 13650?
299
Calculate the remainder when 930794 is divided by 132956.
102
Calculate the remainder when 50410 is divided by 16541.
787
What is the remainder when 24511 is divided by 100?
11
Calculate the remainder when 4521858 is divided by 91.
68
What is the remainder when 123283 is divided by 1340?
3
What is the remainder when 47302 is divided by 23?
14
What is the remainder when 1973737 is divided by 11?
7
What is the remainder when 10387675 is divided by 10387656?
19
What is the remainder when 385806268 is divided by 10?
8
What is the remainder when 23368 is divided by 836?
796
Calculate the remainder when 3557300 is divided by 1010.
80
What is the remainder when 4675681 is divided by 667938?
115
Calculate the remainder when 17907792 is divided by 167362.
58
What is the remainder when 2985474 is divided by 1081?
833
What is the remainder when 16852 is divided by 3374?
3356
Calculate the remainder when 8734 is divided by 3055.
2624
Calculate the remainder when 4848601 is divided by 1212144.
25
Calculate the remainder when 2988624 is divided by 4294.
0
What is the remainder when 57014497 is divided by 505?
502
What is the remainder when 508107 is divided by 8067?
7953
What is the remainder when 102716 is divided by 395?
16
What is the remainder when 2453640 is divided by 775?
765
What is the remainder when 507457 is divided by 2340?
2017
What is the remainder when 1348401 is divided by 502?
29
Calculate the remainder when 330246246 is divided by 2961.
2955
Calculate the remainder when 4606 is divided by 1496.
118
Calculate the remainder when 913246 is divided by 182646.
16
Calculate the remainder when 166684110 is divided by 518.
516
Calculate the remainder when 18783 is divided by 83.
25
What is the remainder when 74489 is divided by 959?
646
What is the remainder when 1668151 is divided by 417034?
15
Calculate the remainder when 9915011 is divided by 1156.
1155
What is the remainder when 13801 is divided by 11405?
2396
Calculate the remainder when 7554232 is divided by 39.
10
Calculate the remainder when 3938407 is divided by 1553.
1552
What is the remainder when 10750211 is divided by 35834?
11
Calculate the remainder when 252989 is divided by 252074.
915
What is the remainder when 1959907 is divided by 98?
5
Calculate the remainder when 87019 is divided by 28987.
58
What is the remainder when 924488 is divided by 33017?
12
What is the remainder when 2296447 is divided by 33?
10
What is the remainder when 703669 is divided by 63969?
10
What is the remainder when 1633287 is divided by 816638?
11
Calculate the remainder when 1475264 is divided by 59.
28
What is the remainder when 11096682 is divided by 1111?
14
Calculate the remainder when 84778 is divided by 513.
133
Calculate the remainder when 348906457 is divided by 5829.
4
Calculate the remainder when 205140 is divided by 34187.
18
What is the remainder when 23790620 is divided by 907?
10
Calculate the remainder when 14716484 is divided by 1253.
1252
What is the remainder when 9179 is divided by 1476?
323
What is the remainder when 232316476 is divided by 682?
678
Calculate the remainder when 733771 is divided by 258.
19
What is the remainder when 783328 is divided by 589?
547
What is the remainder when 5413785 is divided by 1804564?
93
What is the remainder when 28226 is divided by 565?
541
What is the remainder when 880458 is divided by 870?
18
Calculate the remainder when 10948566 is divided by 980.
6
What is the remainder when 36265288 is divided by 642?
634
What is the remainder when 314646 is divided by 160?
86
Calculate the remainder when 1236329 is divided by 3245.
3229
What is the remainder when 2950283 is divided by 441?
434
Calculate the remainder when 1063373 is divided by 4204.
3965
Calculate the remainder when 61314084 is divided by 3139.
3136
What is the remainder when 4339664 is divided by 4284?
4256
Calculate the remainder when 17048380 is divided by 2841394.
16
Calculate the remainder when 11394856 is divided by 13296.
184
What is the remainder when 1390521 is divided by 7357?
48
What is the remainder when 1706311 is divided by 14219?
31
What is the remainder when 47430 is divided by 337?
250
What is the remainder when 59961094 is divided by 117?
115
Calculate the remainder when 28716 is divided by 866.
138
What is the remainder when 1634250 is divided by 2465?
2420
What is the remainder when 2396434 is divided by 599101?
30
Calculate the remainder when 9061663 is divided by 433.
272
What is the remainder when 5056200 is divided by 1169?
275
Calculate the remainder when 4171138 is divided by 1072.
1058
Calculate the remainder when 16469 is divided by 294.
5
What is the remainder when 258572 is divided by 487?
462
Calculate the remainder when 85991 is divided by 2686.
39
What is the remainder when 24945737 is divided by 1537?
227
What is the remainder when 4844416 is divided by 87?
82
What is the remainder when 1262843 is divided by 420936?
35
What is the remainder when 293814 is divided by 293743?
71
What is the remainder when 1143526 is divided by 381116?
178
What is the remainder when 1588363 is divided by 1238?
9
Calculate the remainder when 609852 is divided by 4000.
1852
Calculate the remainder when 28297 is divided by 27782.
515
Calculate the remainder when 136404 is divided by 1364.
4
Calculate the remainder when 4447578 is divided by 169.
5
Calculate the remainder when 12176412 is divided by 4058785.
57
Calculate the remainder when 632057 is divided by 1634.
1333
Calculate the remainder when 32277249 is divided by 82.
81
Calculate the remainder when 1338465 is divided by 1747.
263
Calculate the remainder when 374048 is divided by 124068.
1844
What is the remainder when 32582625 is divided by 3027?
3024
Calculate the remainder when 805207 is divided by 1489.
1147
What is the remainder when 869126 is divided by 217270?
46
What is the remainder when 190717 is divided by 26351?
6260
Calculate the remainder when 39763459 is divided by 25.
9
Calculate the remainder when 50114 is divided by 1179.
596
Calculate the remainder when 274138918 is divided by 450146.
4
Calculate the remainder when 549375 is divided by 611.
86
Calculate the remainder when 25004 is divided by 24736.
268
Calculate the remainder when 200133 is divided by 460.
33
Ca